 is divided by z?
79
Suppose -21 = 4*v - 89. Calculate the remainder when (138/2 - 5) + -33 + 36 is divided by v.
16
Let k(v) = -v**3 + 120*v**2 + 999. What is the remainder when k(120) is divided by 25?
24
Suppose 0 = 2*x - j + 16, 0 = j + 2 + 2. What is the remainder when -2 - (-11 + (-42)/7) is divided by 1 - 9/(45/x)?
0
Let k(o) = 2*o**3 - 4*o**2 + 2*o - 24. Let z be k(7). Let y = z + -473. What is the remainder when 178 is divided by y?
3
Let q = -10997 + 11047. Let l = 901 - 1354. Let o = -155 - l. Calculate the remainder when o is divided by q.
48
Calculate the remainder when 472 is divided by 12/9*(-4335)/(-340).
13
Calculate the remainder when (2 - (-10)/(-6))*(191 + (-192)/6) is divided by 5*((-11)/(-5) - -2).
11
Suppose 0 = 4*t - z - 214, 33*z = 5*t + 37*z - 236. What is the remainder when 181 is divided by t?
25
Let t = 3812 + -3657. What is the remainder when t is divided by 55?
45
Let i(m) = 2*m**3 + 169*m**2 + 2486*m + 21. Let q(f) = 4*f**2 + 4*f + 3. Let v be -5 - (0 - (3 - 1)). Calculate the remainder when i(-19) is divided by q(v).
24
What is the remainder when -22*(15 + -19 - 9) is divided by 42?
34
Suppose 0 = -5*s + 3*q - 64, -5*s + 17 = -6*s + 2*q. Let d(p) = p**2 + 7*p - 22. Calculate the remainder when 39 is divided by d(s).
17
Suppose -849*l = -809*l - 3360. Calculate the remainder when 244 is divided by l.
76
Suppose 21*i - 127 - 41 = 0. Suppose 0 = -i*c + 514 + 622. What is the remainder when c is divided by 6?
4
Suppose 51 = 4*d + u, -7*u + 66 = 4*d - 9*u. Calculate the remainder when 1132 is divided by d.
12
Let u(z) = 91*z - 775. What is the remainder when u(22) is divided by 4?
3
Suppose 48 = -g + 13*g. Suppose -4*i - 3*c = -96, g*i - 33 = -2*c + 67. Let y = 0 + 10. What is the remainder when i is divided by y?
7
Let h(j) = 2*j**3 + 2*j**2 - 4*j - 19. Let q be h(-3). Calculate the remainder when -43 - q - (-86 - 1) is divided by 18.
15
Suppose -3 - 2 = -c. Suppose 3*j - 117 = -10*i + c*i, -2*j = 2. Let d = -719 + 860. Calculate the remainder when d is divided by i.
21
Suppose -5*x - 2628 + 11258 = 5*u, 3*u = -5*x + 8634. Calculate the remainder when x is divided by 124.
116
Suppose 4*m - 2 + 2 = 0. Suppose -o - t + 13 = 0, m = 7*o - 2*o + t - 65. What is the remainder when 89 is divided by o?
11
Suppose -242 - 1102 = -32*u. What is the remainder when -3*(-1)/(-6)*(1 - 283) is divided by u?
15
Suppose -30*i + 5168 = -65872. Calculate the remainder when i is divided by 24.
16
Let j(w) = -771*w + 7804. What is the remainder when 186 is divided by j(10)?
92
Suppose -35*r + 7329 = 12*r - 3763. What is the remainder when r is divided by 112?
12
Suppose -4*f + 1155 = 3*f. Suppose 9*k = 33 + f. What is the remainder when 44 is divided by k?
0
Suppose -412 = -4*f - 2*g, -f + g + 56 = -53. What is the remainder when 515 is divided by f?
95
Let d(c) = 3 - c**2 - 11 - 4 + 17*c. Suppose -6*k = -28 - 26. What is the remainder when d(k) is divided by 16?
12
Let f(i) = 20*i + 97. Let b be f(-15). Let y = b + 208. Calculate the remainder when 159 is divided by y.
4
Suppose -5*p = 4*s - 5350, -4*p - 849 + 5123 = 2*s. What is the remainder when p is divided by 95?
21
Suppose g = -0*g + x + 33, -3*x = 12. Suppose 3*i - 2*i - 3*b = 519, 0 = -5*i - 3*b + 2541. Suppose 2*q + 4*q = i. What is the remainder when q is divided by g?
27
Suppose -96 = -2*a + 2*n, -16 = -2*a + 5*n + 80. Suppose 0 = 3*v - 9 - 0, -4*v = p - 12. What is the remainder when p/3 - (-90 + -2) is divided by a?
44
Suppose -9*v + 83041 = 26282 - 18904. Calculate the remainder when v is divided by 8.
7
Suppose 0 = 30*f - 10*f - 200. Calculate the remainder when 92 is divided by (-1 + 4)/(82/8 - f).
8
Let w(f) = -f**3 - 28*f**2 + 60*f + 43. Let g be ((-12)/(-5))/((-18)/225). Calculate the remainder when 166 is divided by w(g).
37
Let v(u) = 32*u**2 - 16*u - 42. Let m = 721 - 723. Calculate the remainder when v(m) is divided by 8.
6
Let x(w) = 6*w**2 + 55*w + 169. What is the remainder when x(-7) is divided by 62?
16
Let j = 57 + -29. Let g = j - 35. What is the remainder when 111 is divided by g/2 - 7/(-14) - -26?
19
Let n = 2857 + -2844. Suppose 3*s + 0 = 4*w - 3, 4*w = s + 1. Let o(a) = a + 25. What is the remainder when o(w) is divided by n?
12
Suppose -4*p = -5*r + 277, 3*p = 5 + 1. What is the remainder when 2/(-3) - 133/r - -187 is divided by 17?
14
What is the remainder when 2458 is divided by 9/(-10 - 2259/(-225))?
208
Suppose 17*a - 18*a = -z - 47, 0 = -3*z - 15. What is the remainder when 381 is divided by a?
3
Let q be 6 + -5 + -2*(-36)/(-3). Let l = q + 28. Suppose -9*f = -l*f - 20. What is the remainder when 23 is divided by f?
3
Let c(g) = g**3 + 7*g**2 - 2*g + 6. Suppose 8*n - 76 = 68. What is the remainder when c(-4) is divided by (2/(-4))/(n/(-324))?
8
Let q(c) = c**3 + 8*c**2 + 7*c + 11. Let n be q(-6). Suppose -t - 10 = -n. Let l = 16 + t. Calculate the remainder when l is divided by 16.
15
Suppose -4*b + 664 = 4*w, 2*b - 6*w + 2*w = 350. Suppose 209 = m + b. Calculate the remainder when m is divided by 11.
7
Let i = 103 + -62. Suppose u = -t + i, 2*t = -u - 0*u + 80. Calculate the remainder when -19 - -210 - 6/(-2) is divided by t.
38
Suppose 0*c - 33 = -3*c. What is the remainder when 66 + (-13*(-44)/2574 - (-56)/(-9)) is divided by c?
5
Let j(i) = i**2 + 10*i - 9. Let f be j(-8). What is the remainder when ((-2)/5)/(f/18500) is divided by 11?
10
Let w = -27 - -12. Let u = -13 - w. Suppose u*h - 34 = 20. What is the remainder when h is divided by 14?
13
Let r(z) = 6126*z + 43077. Let x = 7 - -45. Calculate the remainder when r(-7) is divided by x.
39
Let k = -5 + 19. Let c be 25/(-2)*32/(-40). Suppose -c*f + 6*f = -144. Calculate the remainder when f is divided by k.
8
Suppose -10*v + 12*v - 8 = 0. Suppose v*z = -2*u + 260, z + 2*z = 12. Suppose 4*d - 58 = u. Calculate the remainder when 132 is divided by d.
42
Suppose 4077 = -4*b + 333. Let p = b + 1395. What is the remainder when p is divided by 77?
74
Suppose 463 + 453 = 5*n - 4*y, -3*n - 4*y = -524. What is the remainder when n is divided by (-9)/(-1) + (11 - 23 - -10)?
5
Calculate the remainder when 615 is divided by (4 - 1) + 1/(85/(-45) - -2).
3
Let c = -61 + 333. Calculate the remainder when c is divided by 168.
104
Suppose 33*w = 16*w + 8109. Let y = -441 + w. Suppose -8 = k - 4*n, -5*k + 24 = -k - 2*n. What is the remainder when y is divided by k?
4
Let b(k) = -k + 68. Let f be b(24). Suppose f = z - 3*j, 52 = 2*z + 20*j - 17*j. What is the remainder when 82 is divided by z?
18
Suppose 9*q - 3*c + 178 = 13*q, 0 = 4*q - 5*c - 194. Calculate the remainder when (-1366 - -4)/(-3) - -3 is divided by q.
43
Suppose 0 = -d - 2*a + 5 + 35, 95 = 3*d + a. What is the remainder when d is divided by (-749)/321*(-1 - 2)?
2
Let r = 430 - 315. Suppose -873 = -26*n + r. Calculate the remainder when 225 is divided by n.
35
Suppose -454 - 602 = -4*g + 4*r, 4*r = 5*g - 1321. Calculate the remainder when g is divided by 68.
61
Let m(f) = f**3 + 31*f**2 + f + 28. Let d be m(-31). Calculate the remainder when 1096 is divided by d*(-2)/((-12)/(-126)) - 2.
59
Let g be -1*(4 - (14 + 3)). Suppose -g*k - 157 = -5*m - 15*k, -m + 5*k + 53 = 0. Calculate the remainder when 166 is divided by m.
1
Suppose -3*b - z = z - 28, -2*b + 2*z + 12 = 0. Calculate the remainder when 414/b*4/3 is divided by 8.
5
Let b be 13/2 + 1/2. Let a(q) = 27*q + 63. Let r(k) = 18*k + 42. Let g(s) = 5*a(s) - 7*r(s). What is the remainder when g(b) is divided by 17?
16
Let f be (-1)/(-4*(-3)/(-3036)). Suppose 59 = y + 3*a + 2*a, -5*y - 4*a + f = 0. What is the remainder when y is divided by 27?
22
Let x = 8061 - 7962. What is the remainder when x is divided by 44?
11
Suppose 54694 - 36166 = 327*q - 96903. What is the remainder when q is divided by 120?
113
Let n(s) = -s + 92. Let i be n(30). Suppose 28 = 15*u - i. What is the remainder when 101 is divided by u?
5
Calculate the remainder when -2*(-12)/56 - (-1240)/14 is divided by 47.
42
Let h = -154 + 192. Let p = h - 13. Suppose -98 = 2*i - 9*i. What is the remainder when p is divided by i?
11
Suppose 1530*z + 2*b = 1529*z + 82, -2*b - 298 = -4*z. Suppose 2*v - 3*x = 64, -2*v - x + 52 = 2*x. What is the remainder when z is divided by v?
18
Suppose -56*q - 264 = -66*q + 556. What is the remai